 19. What is the remainder when o is divided by a?
24
Let p(q) = -q + 14. Calculate the remainder when 37 is divided by p(-6).
17
Let o = 15 - 347. What is the remainder when 3/12 - o/16 is divided by 12?
9
Suppose 0 = -2*q - 5*d + 8 + 23, -3*q + 2*d + 75 = 0. Calculate the remainder when 44 is divided by q.
21
Suppose x = 39 + 11. What is the remainder when x is divided by 13?
11
Let u(h) = h**2 + h. Let f = 559 - 323. Suppose 6*n - f = 2*n. What is the remainder when n is divided by u(-5)?
19
Calculate the remainder when 7/14 - 25/(-2) is divided by 2.
1
Let n = 4 + -1. Let r(v) = 8*v**2 + v - 2. What is the remainder when r(n) is divided by 19?
16
What is the remainder when 23 is divided by 6*(-6)/(-9) - -13?
6
Let g(w) = 11*w + 17. What is the remainder when g(3) is divided by 3/(3/26*1)?
24
Suppose 4*v = 4*s - 56, 0*v - 4*v = -20. Let o = 7 + -14. Calculate the remainder when s is divided by 1 + 0 + -1 - o.
5
Suppose j - y = -5*y + 33, -85 = -3*j - 5*y. What is the remainder when j is divided by 13?
12
Let f(p) = -143*p - 1. Suppose -b - 3*b - 4 = 0. Let h be f(b). What is the remainder when 27 is divided by 1/(-5) + h/10?
13
Let u be ((-3)/(-6) + 0)*0. Let q(l) = l + 6. Let h be q(u). Let r = 15 - h. What is the remainder when 16 is divided by r?
7
Let x(y) = y**3 - 3*y**2 + 5*y - 3. What is the remainder when 21 is divided by x(3)?
9
Suppose -714 = 6*m - 2418. Calculate the remainder when m is divided by 72.
68
Let t = -22 + 37. Suppose -187 + t = 4*l. Let a = -28 - l. Calculate the remainder when a is divided by 4.
3
Let v = -1 - -5. Suppose 4 = v*q, 14 = 4*u + 3*q - 13. Suppose 3*w - u = -0. What is the remainder when 5 is divided by w?
1
Let i(p) = -8*p - 3. Let z be i(-6). What is the remainder when (-2)/9 + 2125/z is divided by 12?
11
Suppose 5*r = 104 + 6. Let p = r - 9. Calculate the remainder when 38 is divided by p.
12
Let g(w) = 2*w**2 - 2*w. Let s(j) = -j**2 - 3*j + 3. Let y be s(-3). What is the remainder when 58 is divided by g(y)?
10
Suppose -18*i = -3*i - 435. What is the remainder when i is divided by 10?
9
Let b(s) = -s - 4. Let h be b(-3). What is the remainder when 32 is divided by 68/2*h/(-2)?
15
Let c = 21 + -47. Calculate the remainder when 37 is divided by (c/(-2) - -2) + -2.
11
Suppose -14 = -w - 0. Calculate the remainder when 39 is divided by w.
11
Let h = 1 - 1. Let s be (h + -4)*21/(-12). Suppose 0 = -4*i + 73 + s. Calculate the remainder when i is divided by 11.
9
Let k = 15 + 0. Let d = 88 - 31. What is the remainder when d is divided by k?
12
Suppose -2*p + 25 = h + 2*p, -3*p + 61 = 4*h. Calculate the remainder when 76 is divided by h.
11
Let p = -32 + 53. Let v(o) = o**3 - 31*o**2 + 32*o + 20. Calculate the remainder when v(30) is divided by p.
17
Let b = -2 + 5. Calculate the remainder when b is divided by 3.
0
Suppose 88*c = 103*c - 510. Let a(k) = 3*k**2 + 5*k - 4. What is the remainder when a(6) is divided by c?
32
Let k = 0 + -3. Calculate the remainder when (k - -4)/(3/18) is divided by 4.
2
Let p be 416/(-11) - 8/44. What is the remainder when p*((-9)/(-6) - 2) is divided by 7?
5
Suppose 0*r - r + 5*h + 37 = 0, -5*h = r + 13. Calculate the remainder when 28 is divided by r.
4
Let h = 10 + -6. Suppose h*p = -5 + 1. Let m = p + 8. Calculate the remainder when m is divided by 2.
1
Let w = -9 + 14. Calculate the remainder when w is divided by 2.
1
Let u = 33 - 23. Calculate the remainder when 15 is divided by u.
5
Suppose -3*b - 2*b + 105 = 0. Calculate the remainder when b is divided by (-2)/(1 - (-78)/(-66)).
10
Let k(a) = a + a + 4*a - 3 + 0 + a**3 - 2*a**2. Calculate the remainder when k(4) is divided by 14.
11
Suppose a + 186 = 3*a. What is the remainder when a is divided by 24?
21
Let c be ((-10)/(-3))/((-4)/12). What is the remainder when (-280)/(-32) - 1/(-4) is divided by -3 - c - (2 + 0)?
4
Let m be (-21)/35*(0 - 5). Suppose -p - 3*n - 4 = -3*p, -3*n = m*p - 21. What is the remainder when p is divided by 3?
2
Suppose -3*b - 735 = -8*b. Calculate the remainder when b is divided by 15.
12
Suppose -4 + 14 = 5*u. Let r(z) = -z**3 + 2*z + 1. Let k be r(-2). Suppose 0 = l - k. Calculate the remainder when l is divided by u.
1
Suppose 8*g - 5*g - 42 = 0. Calculate the remainder when 68 is divided by g.
12
Suppose -47 = -z - 2*p, -3*z = -4*p - 34 - 97. Calculate the remainder when z is divided by 12.
9
Let h(v) = -2*v + 5. Let x be h(-6). Let z = x - 4. What is the remainder when 38 is divided by z?
12
Suppose 0*d - 3*d = 5*o - 117, 0 = 4*d + 4*o - 164. Suppose 0*c = 2*c - 8. Suppose c*r - 86 = -26. What is the remainder when d is divided by r?
14
Let z(u) = 19*u**2 - u. Let n be z(1). Suppose -5*l = -n - 7. Suppose -23 = -2*k - r - 4, -5*k + l*r = -70. Calculate the remainder when k is divided by 4.
3
What is the remainder when -3 - (-3 - 16) - 2 is divided by 5?
4
What is the remainder when 5*(3 - 7/5) is divided by 4?
0
Suppose 4*m - 156 = 3*m - 3*h, m = 5*h + 164. Calculate the remainder when m is divided by 21.
12
Suppose 0*l + 48 = 2*l. Suppose -2*n = 2*u - l, 4*n - u - 16 = 3*u. Suppose 0 = -0*r - 5*r + 25. Calculate the remainder when n is divided by r.
3
Suppose 0 = g + g - 218. Suppose -5*p + g = -36. Suppose -346 - p = -5*c. What is the remainder when c is divided by 19?
18
Let n(c) = c**3 - 9*c**2 + 12*c - 12. Let q = 29 + -21. Calculate the remainder when 58 is divided by n(q).
18
Suppose 4*b = 2*b - 8. Let z be 0 + 0 + -10 + 21. What is the remainder when b/(-22) - (-251)/z is divided by 12?
11
Let x(k) = k - 9. Let r be x(11). Suppose -5*f = -4*h + 16, 4*h - f = r*f + 24. Calculate the remainder when 16 is divided by h.
7
Let m = -10 + 21. Let q be 0*(-3)/(-6) - 0. Suppose q = -5*g + 73 + 27. What is the remainder when g is divided by m?
9
Calculate the remainder when 53 is divided by (-38)/(-209) - 317/(-11).
24
Suppose -4*z - 60 = -9*z. Let i = -8 + z. Let v(n) = n**3 + 11*n**2 + n + 18. What is the remainder when v(-11) is divided by i?
3
Let z = 15 - 12. What is the remainder when z is divided by 2?
1
Let c be (-2)/5 - 558/(-45). Suppose -4*u = -4*k - 32, -4*k + 19 = 5*u - c. What is the remainder when 25 is divided by u?
4
Let a = 153 - 149. What is the remainder when 29 is divided by a?
1
Let f(q) = 5*q - 28. What is the remainder when 92 is divided by f(12)?
28
Suppose -z = -3*z + 52. Calculate the remainder when 155 is divided by z.
25
Suppose 5*t = -15, 6*f + 2*t = 9*f - 84. What is the remainder when f is divided by 15?
11
Let s = -44 - -50. Calculate the remainder when 39 is divided by s.
3
What is the remainder when (0 + -54)*(-24)/16 - 1 is divided by 27?
26
Let h(l) = 7*l - 2. What is the remainder when (-7 + 145)*2/6 is divided by h(2)?
10
Let z = 68 - 39. Let v = -11 - -7. Let o = 6 - v. What is the remainder when z is divided by o?
9
Let p = 1 + 1. Let z be (-7)/(p*2/(-36)). Suppose z - 13 = 5*v. What is the remainder when 29 is divided by v?
9
Let b = 3 + 0. What is the remainder when 16 - -1 - (-6)/b is divided by 10/45*46 - 2/9?
9
Let n(c) = -c**2 + 5*c - 1. Let i be n(6). Let t = 9 - i. Suppose -5*b - 4 = 1, -3*b = -5*m + 153. Calculate the remainder when m is divided by t.
14
Let g(m) = 0*m - 24*m - 1 - 3 + 1. Let h be g(-3). Let b = -35 + h. What is the remainder when b is divided by 9?
7
Let l(m) = 3*m**2 - 4*m - 6. Suppose -9*c + 516 - 291 = 0. What is the remainder when l(5) is divided by c?
24
Let q(m) = m**3 + 6*m**2 - 16*m - 2. Calculate the remainder when q(-7) is divided by 21.
19
Suppose 5*o + 7 = 4*b - 0*o, b = 3*o. Let l = 0 + b. What is the remainder when 8 is divided by l?
2
Let c = -602 - -1007. Suppose -5*h = 3*w - 656 - 48, -3*h + 4*w = -c. What is the remainder when h is divided by 35?
34
Let f(n) = n**2 + 4*n - 8. Let k be f(-6). Let q = 0 + k. Suppose 8*m = 4*a + 3*m - 30, -2*m = -4. Calculate the remainder when a is divided by q.
2
Let x be (-2)/(-7) + (-30)/7. Let o be -1*(-1 - 8)*2. Let k = o + x. Calculate the remainder when 41 is divided by k.
13
Suppose 4*c - s = 4*s + 190, -c = 2*s - 54. Suppose 0 = -3*o - 2*o + c. Calculate the remainder when o is divided by 2*-4*(3 - 45/12).
4
Let v(g) = -g**2 + 4*g + 7. Let n be v(5). Let u(b) = 3*b**2 + b - 2. What is the remainder when 22 is divided by u(n)?
10
Let k be (2 - 2)/3 - 1. What is t